 a composite number?
False
Is 1284083 prime?
True
Is 14614757 composite?
False
Is 235969511 a prime number?
False
Is 16844185 prime?
False
Is 19228633 a prime number?
False
Is 432743743 composite?
False
Is 48223187 a composite number?
False
Is 38528969 a prime number?
True
Is 24827109 composite?
True
Is 704441 prime?
True
Is 1448437 a composite number?
True
Is 3447793 prime?
False
Is 6973487 prime?
False
Is 3737521 prime?
True
Is 5064683 a prime number?
False
Is 183012949 composite?
True
Is 6547517 composite?
False
Is 918613 a composite number?
False
Is 338853649 a prime number?
True
Is 139564019 prime?
False
Is 593839 prime?
True
Is 21997837 a composite number?
False
Is 60864499 prime?
False
Is 72333641 a prime number?
True
Is 1095119 prime?
True
Is 222264349 composite?
True
Is 25747049 a composite number?
False
Is 17411623 a composite number?
False
Is 32613199 a prime number?
False
Is 686639 prime?
True
Is 5784553 a prime number?
False
Is 11749229 composite?
True
Is 12651043 composite?
True
Is 13524353 a composite number?
True
Is 8064293 a composite number?
False
Is 8956993 composite?
True
Is 48782873 composite?
True
Is 21691427 a composite number?
True
Is 4843301 prime?
False
Is 1190757 composite?
True
Is 4308118 prime?
False
Is 12192023 prime?
False
Is 1782043 composite?
False
Is 23867219 a prime number?
False
Is 39186337 a prime number?
False
Is 31868813 a composite number?
False
Is 362392579 a prime number?
True
Is 2985107 prime?
True
Is 107876239 prime?
True
Is 218963 composite?
False
Is 386585 a composite number?
True
Is 488452801 prime?
True
Is 1766939 composite?
False
Is 85165279 a prime number?
True
Is 2195399 a prime number?
True
Is 8710257 prime?
False
Is 91468229 a prime number?
False
Is 5593879 composite?
True
Is 104831 a prime number?
True
Is 37520671 prime?
False
Is 7172437 prime?
False
Is 8471137 composite?
False
Is 624574471 prime?
False
Is 88429 a composite number?
True
Is 1526611 composite?
False
Is 3999955 composite?
True
Is 5639 a composite number?
False
Is 40087765 composite?
True
Is 4072381 composite?
True
Is 1855067 prime?
False
Is 164444795 prime?
False
Is 5559691 a composite number?
False
Is 22728521 prime?
True
Is 1240033 prime?
False
Is 23068547 a composite number?
False
Is 2833357 a composite number?
True
Is 14969195 a composite number?
True
Is 4489967 composite?
False
Is 1609871 a composite number?
False
Is 16047139 a composite number?
True
Is 273703 composite?
True
Is 9158297 composite?
True
Is 1897243 prime?
True
Is 34110597 a prime number?
False
Is 84113531 prime?
True
Is 1151021 a prime number?
True
Is 6560299 prime?
True
Is 29409343 prime?
True
Is 47699885 a prime number?
False
Is 466379 prime?
False
Is 15841013 prime?
True
Is 2828591 a prime number?
False
Is 1578709 composite?
True
Is 162323209 prime?
False
Is 464015441 composite?
False
Is 11122129 prime?
True
Is 459989 composite?
True
Is 55032301 composite?
True
Is 1739977 composite?
False
Is 7778269 a prime number?
True
Is 209750467 a prime number?
True
Is 15834367 prime?
True
Is 15174953 prime?
False
Is 40458071 composite?
False
Is 287751977 a composite number?
True
Is 199909 a composite number?
False
Is 19692931 a composite number?
True
Is 92241161 a composite number?
True
Is 41583923 prime?
False
Is 480901081 a prime number?
True
Is 3062957 a composite number?
False
Is 9294559 a composite number?
True
Is 15393947 composite?
False
Is 371484437 a prime number?
True
Is 9150007 a prime number?
False
Is 2548321 a composite number?
True
Is 12114637 a prime number?
True
Is 86791083 composite?
True
Is 4532821 a composite number?
True
Is 30398983 composite?
True
Is 2442043 a prime number?
False
Is 369655991 prime?
True
Is 20164727 prime?
False
Is 110243 prime?
False
Is 46082291 a composite number?
True
Is 181314781 a prime number?
True
Is 31837207 a composite number?
True
Is 20516057 a prime number?
True
Is 2369821 prime?
False
Is 18928171 a prime number?
True
Is 30362131 prime?
True
Is 32786665 prime?
False
Is 845599 composite?
False
Is 7913929 a prime number?
False
Is 189192187 a prime number?
True
Is 228687653 composite?
False
Is 147799 prime?
True
Is 9734051 composite?
False
Is 10026166 prime?
False
Is 2766817 a prime number?
False
Is 70642469 a composite number?
True
Is 100324439 composite?
False
Is 22533059 a prime number?
True
Is 6396023 a prime number?
False
Is 25484209 a composite number?
False
Is 9789413 a composite number?
False
Is 28544017 composite?
False
Is 60617 a composite number?
False
Is 103687973 a prime number?
True
Is 206905513 composite?
False
Is 6993253 a prime number?
False
Is 4227491 a prime number?
True
Is 104973853 composite?
True
Is 411348781 a prime number?
True
Is 146213807 composite?
True
Is 8283089 a prime number?
True
Is 124750519 a prime number?
True
Is 158684093 prime?
True
Is 63922591 composite?
False
Is 208621879 a composite number?
False
Is 34767983 a prime number?
False
Is 700358 composite?
True
Is 35279 a prime number?
True
Is 6950057 a prime number?
True
Is 42508195 composite?
True
Is 4695027 composite?
True
Is 238872927 a composite number?
True
Is 11459797 prime?
False
Is 44637459 prime?
False
Is 70486973 prime?
False
Is 197266081 composite?
True
Is 18668753 prime?
True
Is 36238541 prime?
True
Is 11669881 prime?
False
Is 62266231 composite?
True
Is 249079 a composite number?
False
Is 3057473 a prime number?
False
Is 2148241 composite?
False
Is 4180889 a composite number?
True
Is 19161863 composite?
True
Is 602561 prime?
False
Is 2397349 composite?
True
Is 50620387 a composite number?
True
Is 23059853 a prime number?
True
Is 634508345 a composite number?
True
Is 24250543 a prime number?
False
Is 86841643 prime?
False
Is 1140567 a prime number?
False
Is 228845807 a composite number?
False
Is 16205441 a composite number?
True
Is 5655211 a prime number?
True
Is 30277139 composite?
True
Is 1446971 prime?
True
Is 8985739 composite?
True
Is 19221019 composite?
True
Is 13047943 composite?
False
Is 133637623 a composite number?
True
Is 854718239 composite?
False
Is 34352813 a composite number?
True
Is 117994751 a prime number?
False
Is 1267381 prime?
True
Is 2655683 composite?
True
Is 27802171 a composite number?
False
Is 477489739 a prime number?
True
Is 212876899 a prime number?
False
Is 20357387 composite?
True
Is 98532985 a prime number?
False
Is 3511729 composite?
True
Is 78157081 composite?
True
Is 125684785 a prime number?
False
Is 24576523 prime?
True
Is 17533315 a composite number?
True
Is 39815401 a prime number?
True
Is 8756362 a composite number?
True
Is 59082403 composite?
False
Is 8785501 a prime number?
True
Is 25283803 a composite number?
False
Is 18581669 composite?
True
Is 715604453 a composite number?
False
Is 63219851 composite?
True
Is 1157477498 a composite number?
True
Is 152304261 a prime number?
False
Is 642841 composite?
True
Is 6623707 a prime number?
True
Is 1065763 a prime number?
True
Is 1603003 a composite number?
True
Is 10267195 prime?
False
Is 123702157 a composite number?
False
Is 97318373 a prime number?
False
Is 7479391 composite?
False
Is 7494623 a composite number?
False
Is 8972779 prime?
False
Is 65645909 composite?
True
Is 134719501 prime?
False
Is 783617053 composite?
True
Is 1258835447 composite?
False
Is 3138871 a composite number?
True
Is 2646533 prime?
True
Is 17400671 composite?
False
Is 14681083 a prime number?
True
Is 53928143 a composite number?
True
Is 1519789 a prime number?
True
Is 32643199 a composite number?
False
Is 10333033 a prime number?
False
Is 20121683 a composite number?
False
Is 932383 a composite number?
True
Is 16742729 prime?
False
Is 434928389 composite?
True
Is 43418579 composite?
False
Is 43144667 prime?
True
Is 348385 a prime number?
False
Is 13628507 composite?
False
Is 5822339 a prime number?
False
Is 251713067 a prime number?
False
Is 31913923 composite?
False
Is 9782917 a prime number?
True
Is 13419113 a composite number?
False
Is 8482259 a prime number?
True
Is 5883569 prime?
True
Is 12281453 a composite number?
False
Is 403951 a prime number?
True
Is 139684009 a prime number?
True
Is 82198211 prime?
True
Is 27418973 a composite number?
True
Is 6451553 prime?
False
Is 18762893 composite?
False
Is 99611519 composite?
True
Is 123591833 composite?
Tru